+ 2)).
-8
What is 131 + 3 + -4 - ((-15 - 7) + 35)?
117
Calculate -10 + 14 - -10 - 9 - (86 + (6 - -3)).
-90
Evaluate (10 - (2 - 7)) + -104 + 89 - 7.
-7
What is (10795 - 10796) + (-24 - (0 - (-2 - -1)))?
-26
What is -73 - (75 + -116) - 12?
-44
Calculate 182 + -139 - (0 + 45).
-2
(24 - 58 - 9) + -9 + 27
-25
What is -3 + 2 + 0 + (14 - (-7 - -29)) - -59?
50
Evaluate (48 - 30 - -8 - -38) + 11.
75
What is (12 + -2 + (-17 - -13) - -5) + -9 + 18?
20
Calculate -9 + (6 - (13 - 17)) + -6.
-5
Calculate -1 - ((27 - 38) + -3 - -29).
-16
What is 1 + -25 + 311 + -289 - (-7 + -50 + 2)?
53
What is 19 - (-8 - ((-17 - 20) + 14))?
4
Calculate 0 + 14 - (36 + (36 - (93 + -1))).
34
What is the value of 91 - (165 + 49 + -70)?
-53
What is the value of -3 + (2 - 7 - (4 - (-2 - -8))) + 118?
112
What is -1 + (-6 - -19) + 11 + -3 - -5?
25
Calculate -1 + 8 + -20 + (-34 + -2 - -64).
15
Evaluate (-11 - (0 + 1) - -3) + 3 - 19.
-25
(-2 - (-9 - -3)) + (-26 - -22) + 11 - 8
3
Calculate -5 - (-5 + 17 + -33) - 15 - 15.
-14
Calculate 1 - 29 - (-6 + -2) - 0.
-20
17 + 15 + -39 + 7 + 3
3
Evaluate 2 - -83 - ((19 - 11) + (-14 - -12) + 4).
75
Calculate 7 - (-4 - (1 - 18)) - -1 - (-12 + -72).
79
What is the value of 13 + (-1 + 5 - (12 - 7 - (43 + -31)))?
24
What is -20 + (86 - (29 + 8))?
29
What is 13 + 0 + 12 + ((0 - 0) + -1 - 11)?
13
-14 - ((-132 - 4) + -38 + 42 - 2)
120
What is 5 - (-7 + 33 + 8 + -35)?
6
What is 84 - (-8 + 35 + 25)?
32
Calculate (62 - (163 + -40)) + 67.
6
Evaluate 30 + 14 + -15 + -24 + 14.
19
(5 - -2) + (11 - 30) - (-5 - 37)
30
What is the value of 43 + 2 + (0 - 2) + 58 + -60?
41
What is 58 + (-23 - 34) - (-54 - 2)?
57
(-4 - (14 + -1 + -24)) + -9 - 8
-10
(55 - (32 + 68)) + 49
4
Calculate 5 + 9 + 28 + -9 + (11 - -1).
45
What is the value of 92 + 3 + 8 - 89?
14
Calculate 2 - -4 - (39 - (-14 - (-10 - 14))).
-23
Calculate (-17 - 1 - -70) + 5 + 8 + -6.
59
Calculate -300 + 301 + 1 + (-4 - (-53 - (1 + -3))).
49
0 - (-1 + 0 - 32) - 71
-38
What is (-1 - 6) + 22 - (-3 - 2)?
20
What is the value of -16 - 0 - (-18 + 9 - -49 - -51)?
-107
Calculate 36 + 1 - (-830 - -790).
77
Calculate (-4 - -2 - 48) + (9 - -12).
-29
Calculate (-1 - -2) + 2 - -8 - 15 - (9 + -62).
49
Evaluate (-138 - -1) + (-5580 - -5635).
-82
Evaluate (12 - 207) + (-415 - -500).
-110
(2 - -11) + (-41 - -2) + 13
-13
Evaluate 2739 + -2709 + 3 + 3.
36
Evaluate 4 - ((-35 - -100) + 33).
-94
Calculate (14 - 19) + -11 - (-41 - 4).
29
(13 + (7 - (24 - 16)) - 63) + 12
-39
What is the value of -10 + -1 + -11 + (-4 - (0 - 12) - 4)?
-18
What is the value of (105 + 15 - 102) + 54?
72
Calculate 67 - 210 - (10 + -2 - 23) - (2 - 11).
-119
Evaluate 51 - ((4 - (39 - 7)) + (-191 - -202)).
68
Calculate -6 + -7 + (-33 - -31) - -56.
41
What is the value of 1714 + -1786 - (-167 + 1)?
94
What is the value of 39 + -101 - (-5 + -122)?
65
What is -51 - (1 + (12 - (40 + -12) - -6 - 2))?
-40
What is the value of 1 - ((-25 - -28) + 19 - 27 - (-1 - -3))?
8
Evaluate 50 - (-24 + 21 + 15 + 77).
-39
What is -43 + 6 + -14 + 19 + -4 + 1?
-35
What is the value of 15 - (-22 + -81 - (-18 - (-13 - -18)))?
95
Evaluate -53 + 12 - (-280 + 323).
-84
What is the value of -21 - (6 + -138 + -27 + 37)?
101
10 + (-50 - -118 - (1 - 4) - -5)
86
What is (7 - -101) + 6 - (-58 + (20 - -60))?
92
Evaluate 0 + -57 + (33 - -1).
-23
Calculate -44 - (-98 + 111 - 17).
-40
Evaluate 7 + -24 + -4 - -75.
54
15 - (-9 - (-27 - (-17 - -11))) - 83 - 14
-94
-22 + (12 - (12 - (-1 + -2)) - (-9 - 5))
-11
What is -28 + -79 + 28 + 51?
-28
What is (-8 + 48 - 5) + 8 - (7 - 2)?
38
Calculate -48 - (-35 + (-65 - -2)).
50
What is the value of 22 + -29 + -42 + 4 + 16?
-29
What is the value of -14 + (5 - (6 - -1) - (0 + 10))?
-26
Evaluate -7 + 18 + (-9 - -6) + 13.
21
What is the value of 11 - 3 - (48 - 8 - 43)?
11
What is 67 + -13 - (-76 - -107)?
23
Calculate (-7 - (-38 - -26)) + (-1 - -4) + 32.
40
Evaluate -58 + 5 + 128 + -46.
29
Evaluate 31 + 0 + -6299 + 6269.
1
Calculate 11 - (-18 + 11 - 14) - -21.
53
(-98 - -105) + 73 + 4
84
Calculate (-53 - 16) + ((15 - 14) + -3 + 5 - 11).
-77
Calculate -16 + (-497 - -514 - (-32 + -1)).
34
-14 - (145 + -57 - 29)
-73
Calculate 56 + -41 + -66 + 47.
-4
What is -113 - -175 - 92 - (1 + 24)?
-55
What is -57 - (-116 - (36 + -65))?
30
Calculate -5 + (14 - 2) + -5 - (-54 + (4 - -1)).
51
-9 + (22 - (24 + 13)) + 96
72
Calculate 17 + (-23 - (2 - 10)) + -27.
-25
Evaluate 28 + 17 + -6 + -8 + -12.
19
What is -7 + (31 + 4 - -94)?
122
Calculate ((34 - 33) + 17 - 0) + -4 + 0 + 41.
55
Evaluate -19 + -26 - (56 + -53).
-48
-80 - -45 - -5 - -41
11
Calculate -84 + 22 + -9 - -6.
-65
What is (-143 + 363 - 312) + 38 + 0?
-54
24 - -48 - 41 - 3
28
What is the value of 37 - ((-8 - -3) + (5 - 14) + 5 + 3)?
43
Evaluate -77 + (-8 + -41 + 25 - 12).
-113
Calculate 39 - (24 - 55 - -78).
-8
Evaluate (3380 - 3376) + (27 + 3 - -2).
36
Calculate -6 - -3 - (-39 + -55 + 96).
-5
Calculate (3 - 2) + 31 - (-20 - ((-26 - -26) + -31)).
21
What is the value of 25 - 43 - 21 - -20?
-19
Calculate -20 - -1 - (-15 + (25 + -53 - -32)).
-8
-954 + 984 + (36 - 0)
66
4 + (-16 - -19) + 6 + -7 + -18
-12
What is the value of 12 + 57 + -9 + 4 + -20?
44
Evaluate 70 - (30 - 15) - -2 - (6 - 1).
52
(-1 - (9 + -2)) + (-164 - -143) - 0
-29
Evaluate 19 + (13 - (7 + -5 + 8)).
22
Calculate (13 - 1 - 31) + 14 + -12.
-17
Calculate (98 - 92 - (58 + -1 - -3)) + 13.
-41
Calculate (6 - -23) + (-10 - (-20 - (7 + -14))).
32
What is the value of 91 + (-50 - 45 - 39)?
-43
What is -2 + -3 + (-49 - (3 + -22))?
-35
What is the value of (-3 - 1) + (16 - 10) - (7 - (-33 - -7))?
-31
What is the value of 16 - (-7 + 27 + 7 - 9)?
-2
-120 - -1 - (1762 + -1809)
-72
(6 - (9 - 4)) + 4 - -3 - (-4 - -7)
5
Calculate -6691 + 6765 + (0 - 31).
43
What is the value of -32 - -15 - 0 - (37 + -22)?
-32
What is -81 - -3 - (31 + (47 - 104))?
-52
What is the value of 3 + -3 + 15 - (60 + (-5 - 42))?
2
Calculate -39 + -1 + (-543 - -542) + -28.
-69
Calculate -4656 + 4572 + -4 + (3 - -30).
-55
What is -23 + 2 - ((-33 - -27) + (-8 - -17))?
-24
What is (43 - 0) + (-78 - -84)?
49
(-7 - (-11 - -18 - 11)) + 7 + 13
17
(-6 - -1 - -8) + (-4 - 1) + (36 - 12)
22
Evaluate 7 + -3 + -64 + 12 + (-13 - -3) - 2.
-60
What is (1 - 6) + 21 + (-15 - (25 + (-3 - 7)))?
-14
What is -7 + -5 - (-1 + (3 + 1 - -5) - -4)?
-24
Evaluate (22 - (-6 - -3 - (21 - 23))) + 10.
33
Evaluate (32 - 57) + -54 + -4 + (11 - -1).
-71
What is the value of 25 - (-4 - (-77 - (15 - -15)))?
-78
Calculate (10 - (-1 + -5)) + -34 + -6.
-24
Calculate 10 - (-13 + -14) - (-2 + 4 - -2 - 12).
45
-6 + (-26 - ((11 - 69) + -14))
40
What is (-40 - -25 - -41) + (-12 - -1)?
15
Calculate -181 + 245 - (30 + 8).
26
19 + (10 - (-56 + 116))
-31
What is the value of (24 - 22) + 16 + -8 + 43?
53
What is -10 + 7 - -19 - 19 - 26?
-29
Calculate -8 + 16 + -26 + 38 + 22 + -11.
31
Calculate -3 + -68 - (13 + (-11 - (15 - 16)) + 2).
-76
Evaluate 29 + -5 + 0 + 44 + -26.
42
What is (-160 - -138) + 0 + 22 + -33?
-33
Evaluate 6159 + -6107 - ((-13 - -2) + (-1 + 3 - 0)).
61
What is the value of (-1 + (11 - (-3 - -12)) - 3) + -5?
-7
What is -8 + 18 - (-59 + 64 + -6)?
11
Calculate -5 + -2 + (-559 - -583).
17
Evaluate 33 + -4 - (-323 - -366).
-14
Evaluate (-513 - -469) + -93 + 17.
-120
Calculate (-34 - -1) + 0 - (18 + -75 - -44).
-20
What is the value of 72 + -89 - (4 + -3 - (3 + -6))?
-21
(15 + (-46 - 7) - 4 - 0) + -11
-53
What is the value of (26 + -3 - -1) + -4 + (-4 - (-20 - -25))?
11
Evaluate 19 - 111 - (-26 - (-17 + 19)).
-64
What is the value of 12 - (-2 + 17 + 15 + -2 + -8)?
-8
(13 + 7 + -10 - 14) + (-6 + 4 - -4)
-2
What is ((2 - (-9 + 1)) + 3 - -1) + -14?
0
Evaluate -2 + -6 + (-12 + 4 + -4 - 32 - 10).
-62
What is (29 - (-9 - -14)) + (135 - 57)?
102
-29 + -4 + (5 - -34) + -39
-33
What is the value of (-11 - -2) + -1 + (-8 - -2) + -35 + 13?
-38
What is the value of 18 + -19 + 67 + (0 + 4 - -6)?
76
What is the value of 24 + 12 + 50 - 30?
56
What is the value of (3 + (4 - -3) - (-149 + 148)) + -2 + -46?
-37
What is the value of -82 + 77 + -35 - (-19 - 1)?
-20
-50 - (-26 - -70 - 33)
-61
What is the value of 239 - 214 - (69 + -2) - (10 + (1 - 4))?
-49
What is the value of (1236 - 1199) + (0 - -4) + -2?
39
(24 - 77) + 31 - (-73 + (-2 - -4))
49
Calculate -38 + (-30 - 3 - 11 - -80).
-2
What is 0 - -12 - (28 - 1 - (516 - 477))?
24
Calculate (45 - 69) + 